{"id":9,"date":"2022-10-14T13:04:28","date_gmt":"2022-10-14T11:04:28","guid":{"rendered":"http:\/\/sintacj.cluster028.hosting.ovh.net\/?page_id=9"},"modified":"2024-12-23T17:46:25","modified_gmt":"2024-12-23T16:46:25","slug":"a-propos","status":"publish","type":"page","link":"https:\/\/www.sintacs.fr\/index.php\/a-propos\/","title":{"rendered":"\u00c0 propos"},"content":{"rendered":"\n<div class=\"wp-block-cover alignfull\" style=\"min-height:600px;aspect-ratio:unset;\"><span aria-hidden=\"true\" class=\"wp-block-cover__background has-nv-dark-bg-background-color has-background-dim-100 has-background-dim\"><\/span><div class=\"wp-block-cover__inner-container is-layout-flow wp-block-cover-is-layout-flow\">\n<div class=\"wp-block-group\"><div class=\"wp-block-group__inner-container is-layout-flow wp-block-group-is-layout-flow\">\n<div style=\"height:35px\" aria-hidden=\"true\" class=\"wp-block-spacer\"><\/div>\n\n\n\n<div class=\"wp-block-columns are-vertically-aligned-center is-layout-flex wp-container-core-columns-is-layout-9d6595d7 wp-block-columns-is-layout-flex\">\n<div class=\"wp-block-column is-vertically-aligned-center is-layout-flow wp-block-column-is-layout-flow\" style=\"flex-basis:49%\"><div class=\"wp-block-image\">\n<figure class=\"aligncenter size-large\"><img loading=\"lazy\" decoding=\"async\" width=\"1024\" height=\"599\" src=\"https:\/\/www.sintacs.fr\/wp-content\/uploads\/2022\/12\/IMG_2891-1024x599.jpg\" alt=\"\" class=\"wp-image-102\" srcset=\"https:\/\/www.sintacs.fr\/wp-content\/uploads\/2022\/12\/IMG_2891-1024x599.jpg 1024w, https:\/\/www.sintacs.fr\/wp-content\/uploads\/2022\/12\/IMG_2891-300x176.jpg 300w, https:\/\/www.sintacs.fr\/wp-content\/uploads\/2022\/12\/IMG_2891-768x449.jpg 768w, https:\/\/www.sintacs.fr\/wp-content\/uploads\/2022\/12\/IMG_2891.jpg 1280w\" sizes=\"auto, (max-width: 1024px) 100vw, 1024px\" \/><\/figure>\n<\/div><\/div>\n\n\n\n<div class=\"wp-block-column is-layout-flow wp-block-column-is-layout-flow\" style=\"flex-basis:2%\"><\/div>\n\n\n\n<div class=\"wp-block-column is-vertically-aligned-center is-layout-flow wp-block-column-is-layout-flow\" style=\"flex-basis:49%\">\n<h2 class=\"wp-block-heading has-text-align-left has-nv-text-dark-bg-color has-text-color\">Une autre fa\u00e7on de faire du conseil<\/h2>\n\n\n\n<p>Chez SINTACS, nous sommes partis du constat que le conseil et l\u2019accompagnement strat\u00e9giques et op\u00e9rationnels sont souvent r\u00e9serv\u00e9s aux collectivit\u00e9s territoriales qui en ont les moyens financiers alors que le besoin existe tout autant du c\u00f4t\u00e9 des collectivit\u00e9s territoriales de taille plus modeste ! C\u2019est \u00e9galement \u00e0 ces derni\u00e8res que SINTACS souhaite s\u2019adresser, avec des tarifs r\u00e9solument adapt\u00e9s \u00e0 leurs besoins et moyens.<\/p>\n\n\n\n<p>Illustration de notre engagement en la mati\u00e8re, SINTACS est accueillie par Co-actions, une coop\u00e9rative d\u2019entrepreneur\u00b7es solidaires, qui met au c\u0153ur de son action les valeurs de l\u2019\u00e9conomie sociale et solidaire !<\/p>\n\n\n\n<div class=\"wp-block-buttons is-content-justification-center is-layout-flex wp-container-core-buttons-is-layout-16018d1d wp-block-buttons-is-layout-flex\">\n<div class=\"wp-block-button is-style-primary\"><a class=\"wp-block-button__link wp-element-button\" href=\"http:\/\/www.co-actions.coop\/\">POUR EN SAVOIR PLUS<br>SUR CO-ACTIONS, <br>C&rsquo;EST PAR ICI !<\/a><\/div>\n<\/div>\n\n\n\n<p><\/p>\n<\/div>\n<\/div>\n<\/div><\/div>\n<\/div><\/div>\n\n\n\n<div class=\"wp-block-group\"><div class=\"wp-block-group__inner-container is-layout-flow wp-block-group-is-layout-flow\">\n<div class=\"wp-block-columns are-vertically-aligned-center is-layout-flex wp-container-core-columns-is-layout-9d6595d7 wp-block-columns-is-layout-flex\">\n<div class=\"wp-block-column is-vertically-aligned-center is-layout-flow wp-block-column-is-layout-flow\" style=\"flex-basis:49%\">\n<h2 class=\"wp-block-heading has-text-align-left has-neve-text-color-color has-text-color\"><br><strong>Votre interlocuteur<\/strong><\/h2>\n\n\n\n<p>SINTACS a \u00e9t\u00e9 fond\u00e9e par Antoine Mandret-Degeilh. Docteur en science politique de l\u2019IEP de Paris, il a travaill\u00e9 pendant plus de dix ans dans le secteur de l\u2019enseignement sup\u00e9rieur et de la recherche avant de s\u2019orienter vers la fonction publique territoriale o\u00f9 il a acquis plusieurs exp\u00e9riences au sein de collectivit\u00e9s locales. Il a notamment \u00e9t\u00e9 directeur g\u00e9n\u00e9ral des services dans une petite commune de Gironde, o\u00f9 il a accompagn\u00e9 au quotidien les \u00e9lu\u00b7es dans la prise de d\u00e9cision et suivi, entre autres, la mise en \u0153uvre de projets structurants.<\/p>\n\n\n\n<p>Fort de cette double casquette, il poss\u00e8de ainsi une bonne connaissance du fonctionnement de l\u2019administration publique et des collectivit\u00e9s territoriales, qu\u2019il continue de transmettre aux \u00e9tudiant\u00b7es de l\u2019IEP de Toulouse o\u00f9 il enseigne depuis plusieurs ann\u00e9es.<\/p>\n\n\n\n<div class=\"wp-block-buttons is-content-justification-center is-layout-flex wp-container-core-buttons-is-layout-16018d1d wp-block-buttons-is-layout-flex\">\n<div class=\"wp-block-button is-style-primary\"><a class=\"wp-block-button__link wp-element-button\" href=\"http:\/\/fr.linkedin.com\/in\/antoine-mandret-degeilh\">POUR EN SAVOIR PLUS&#8230;<\/a><\/div>\n<\/div>\n<\/div>\n\n\n\n<div class=\"wp-block-column is-layout-flow wp-block-column-is-layout-flow\" style=\"flex-basis:2%\"><\/div>\n\n\n\n<div class=\"wp-block-column is-vertically-aligned-center is-layout-flow wp-block-column-is-layout-flow\" style=\"flex-basis:49%\">\n<figure class=\"wp-block-image size-large\"><img loading=\"lazy\" decoding=\"async\" width=\"2560\" height=\"2560\" src=\"https:\/\/www.sintacs.fr\/wp-content\/uploads\/2022\/12\/MANDRET-DEGEILH-Antoine-NB-10-1-edited-scaled.jpg\" alt=\"\" class=\"wp-image-204\" srcset=\"https:\/\/www.sintacs.fr\/wp-content\/uploads\/2022\/12\/MANDRET-DEGEILH-Antoine-NB-10-1-edited-scaled.jpg 2560w, https:\/\/www.sintacs.fr\/wp-content\/uploads\/2022\/12\/MANDRET-DEGEILH-Antoine-NB-10-1-edited-300x300.jpg 300w, https:\/\/www.sintacs.fr\/wp-content\/uploads\/2022\/12\/MANDRET-DEGEILH-Antoine-NB-10-1-edited-1024x1024.jpg 1024w, https:\/\/www.sintacs.fr\/wp-content\/uploads\/2022\/12\/MANDRET-DEGEILH-Antoine-NB-10-1-edited-150x150.jpg 150w, https:\/\/www.sintacs.fr\/wp-content\/uploads\/2022\/12\/MANDRET-DEGEILH-Antoine-NB-10-1-edited-768x768.jpg 768w, https:\/\/www.sintacs.fr\/wp-content\/uploads\/2022\/12\/MANDRET-DEGEILH-Antoine-NB-10-1-edited-1536x1536.jpg 1536w, https:\/\/www.sintacs.fr\/wp-content\/uploads\/2022\/12\/MANDRET-DEGEILH-Antoine-NB-10-1-edited-2048x2048.jpg 2048w\" sizes=\"auto, (max-width: 2560px) 100vw, 2560px\" \/><\/figure>\n\n\n\n<p><\/p>\n<\/div>\n<\/div>\n<\/div><\/div>\n\n\n\n<div style=\"height:36px\" aria-hidden=\"true\" class=\"wp-block-spacer\"><\/div>\n\n\n\n<div class=\"wp-block-cover alignfull\" style=\"min-height:300px;aspect-ratio:unset;\"><span aria-hidden=\"true\" class=\"wp-block-cover__background has-nv-dark-bg-background-color has-background-dim-100 has-background-dim\"><\/span><div class=\"wp-block-cover__inner-container is-layout-flow wp-block-cover-is-layout-flow\">\n<div style=\"height:140px\" aria-hidden=\"true\" class=\"wp-block-spacer\"><\/div>\n\n\n\n<h2 class=\"wp-block-heading has-text-align-center has-nv-text-dark-bg-color has-text-color\">Pour toute demande :<\/h2>\n\n\n\n<p class=\"has-text-align-center has-medium-font-size\"><\/p>\n\n\n\n<div class=\"wp-block-buttons is-content-justification-center is-layout-flex wp-container-core-buttons-is-layout-16018d1d wp-block-buttons-is-layout-flex\">\n<div class=\"wp-block-button is-style-primary\"><a class=\"wp-block-button__link wp-element-button\" href=\"mailto:contact@sintacs.fr\">CONTACTEZ-NOUS<\/a><\/div>\n<\/div>\n\n\n\n<div style=\"height:140px\" aria-hidden=\"true\" class=\"wp-block-spacer\"><\/div>\n<\/div><\/div>\n","protected":false},"excerpt":{"rendered":"<p>Votre interlocuteur SINTACS a \u00e9t\u00e9 fond\u00e9e par Antoine Mandret-Degeilh. Docteur en science politique de l\u2019IEP de Paris, il a travaill\u00e9 pendant plus de dix ans dans le secteur de l\u2019enseignement sup\u00e9rieur et de la recherche avant de s\u2019orienter vers la fonction publique territoriale o\u00f9 il a acquis plusieurs exp\u00e9riences au sein de collectivit\u00e9s locales. Il&hellip;&nbsp;<a href=\"https:\/\/www.sintacs.fr\/index.php\/a-propos\/\" class=\"\" rel=\"bookmark\">Lire la suite &raquo;<span class=\"screen-reader-text\">\u00c0 propos<\/span><\/a><\/p>\n","protected":false},"author":1,"featured_media":0,"parent":0,"menu_order":0,"comment_status":"closed","ping_status":"closed","template":"","meta":{"neve_meta_sidebar":"","neve_meta_container":"","neve_meta_enable_content_width":"on","neve_meta_content_width":100,"neve_meta_title_alignment":"","neve_meta_author_avatar":"","neve_post_elements_order":"","neve_meta_disable_header":"","neve_meta_disable_footer":"","neve_meta_disable_title":"off","footnotes":""},"class_list":["post-9","page","type-page","status-publish","hentry"],"_links":{"self":[{"href":"https:\/\/www.sintacs.fr\/index.php\/wp-json\/wp\/v2\/pages\/9","targetHints":{"allow":["GET"]}}],"collection":[{"href":"https:\/\/www.sintacs.fr\/index.php\/wp-json\/wp\/v2\/pages"}],"about":[{"href":"https:\/\/www.sintacs.fr\/index.php\/wp-json\/wp\/v2\/types\/page"}],"author":[{"embeddable":true,"href":"https:\/\/www.sintacs.fr\/index.php\/wp-json\/wp\/v2\/users\/1"}],"replies":[{"embeddable":true,"href":"https:\/\/www.sintacs.fr\/index.php\/wp-json\/wp\/v2\/comments?post=9"}],"version-history":[{"count":38,"href":"https:\/\/www.sintacs.fr\/index.php\/wp-json\/wp\/v2\/pages\/9\/revisions"}],"predecessor-version":[{"id":341,"href":"https:\/\/www.sintacs.fr\/index.php\/wp-json\/wp\/v2\/pages\/9\/revisions\/341"}],"wp:attachment":[{"href":"https:\/\/www.sintacs.fr\/index.php\/wp-json\/wp\/v2\/media?parent=9"}],"curies":[{"name":"wp","href":"https:\/\/api.w.org\/{rel}","templated":true}]}}

À propos

<div class="wp-block-cover alignfull" style="min-height:600px;aspect-ratio:unset;"><span aria-hidden="true" class="wp-block-cover__background has-nv-dark-bg-background-color has-background-dim-100 has-background-dim"></span><div class="wp-block-cover__inner-container is-layout-flow wp-block-cover-is-layout-flow">
<div class="wp-block-group"><div class="wp-block-group__inner-container is-layout-flow wp-block-group-is-layout-flow">
<div style="height:35px" aria-hidden="true" class="wp-block-spacer"></div>



<div class="wp-block-columns are-vertically-aligned-center is-layout-flex wp-container-core-columns-is-layout-9d6595d7 wp-block-columns-is-layout-flex">
<div class="wp-block-column is-vertically-aligned-center is-layout-flow wp-block-column-is-layout-flow" style="flex-basis:49%"><div class="wp-block-image">
<figure class="aligncenter size-large"><img loading="lazy" decoding="async" width="1024" height="599" src="https://www.sintacs.fr/wp-content/uploads/2022/12/IMG_2891-1024x599.jpg" alt="" class="wp-image-102" srcset="https://www.sintacs.fr/wp-content/uploads/2022/12/IMG_2891-1024x599.jpg 1024w, https://www.sintacs.fr/wp-content/uploads/2022/12/IMG_2891-300x176.jpg 300w, https://www.sintacs.fr/wp-content/uploads/2022/12/IMG_2891-768x449.jpg 768w, https://www.sintacs.fr/wp-content/uploads/2022/12/IMG_2891.jpg 1280w" sizes="auto, (max-width: 1024px) 100vw, 1024px" /></figure>
</div></div>



<div class="wp-block-column is-layout-flow wp-block-column-is-layout-flow" style="flex-basis:2%"></div>



<div class="wp-block-column is-vertically-aligned-center is-layout-flow wp-block-column-is-layout-flow" style="flex-basis:49%">
<h2 class="wp-block-heading has-text-align-left has-nv-text-dark-bg-color has-text-color">Une autre façon de faire du conseil</h2>



<p>Chez SINTACS, nous sommes partis du constat que le conseil et l’accompagnement stratégiques et opérationnels sont souvent réservés aux collectivités territoriales qui en ont les moyens financiers alors que le besoin existe tout autant du côté des collectivités territoriales de taille plus modeste ! C’est également à ces dernières que SINTACS souhaite s’adresser, avec des tarifs résolument adaptés à leurs besoins et moyens.</p>



<p>Illustration de notre engagement en la matière, SINTACS est accueillie par Co-actions, une coopérative d’entrepreneur·es solidaires, qui met au cœur de son action les valeurs de l’économie sociale et solidaire !</p>



<div class="wp-block-buttons is-content-justification-center is-layout-flex wp-container-core-buttons-is-layout-16018d1d wp-block-buttons-is-layout-flex">
<div class="wp-block-button is-style-primary"><a class="wp-block-button__link wp-element-button" href="http://www.co-actions.coop/">POUR EN SAVOIR PLUS<br>SUR CO-ACTIONS, <br>C&rsquo;EST PAR ICI !</a></div>
</div>



<p></p>
</div>
</div>
</div></div>
</div></div>



<div class="wp-block-group"><div class="wp-block-group__inner-container is-layout-flow wp-block-group-is-layout-flow">
<div class="wp-block-columns are-vertically-aligned-center is-layout-flex wp-container-core-columns-is-layout-9d6595d7 wp-block-columns-is-layout-flex">
<div class="wp-block-column is-vertically-aligned-center is-layout-flow wp-block-column-is-layout-flow" style="flex-basis:49%">
<h2 class="wp-block-heading has-text-align-left has-neve-text-color-color has-text-color"><br><strong>Votre interlocuteur</strong></h2>



<p>SINTACS a été fondée par Antoine Mandret-Degeilh. Docteur en science politique de l’IEP de Paris, il a travaillé pendant plus de dix ans dans le secteur de l’enseignement supérieur et de la recherche avant de s’orienter vers la fonction publique territoriale où il a acquis plusieurs expériences au sein de collectivités locales. Il a notamment été directeur général des services dans une petite commune de Gironde, où il a accompagné au quotidien les élu·es dans la prise de décision et suivi, entre autres, la mise en œuvre de projets structurants.</p>



<p>Fort de cette double casquette, il possède ainsi une bonne connaissance du fonctionnement de l’administration publique et des collectivités territoriales, qu’il continue de transmettre aux étudiant·es de l’IEP de Toulouse où il enseigne depuis plusieurs années.</p>



<div class="wp-block-buttons is-content-justification-center is-layout-flex wp-container-core-buttons-is-layout-16018d1d wp-block-buttons-is-layout-flex">
<div class="wp-block-button is-style-primary"><a class="wp-block-button__link wp-element-button" href="http://fr.linkedin.com/in/antoine-mandret-degeilh">POUR EN SAVOIR PLUS&#8230;</a></div>
</div>
</div>



<div class="wp-block-column is-layout-flow wp-block-column-is-layout-flow" style="flex-basis:2%"></div>



<div class="wp-block-column is-vertically-aligned-center is-layout-flow wp-block-column-is-layout-flow" style="flex-basis:49%">
<figure class="wp-block-image size-large"><img loading="lazy" decoding="async" width="2560" height="2560" src="https://www.sintacs.fr/wp-content/uploads/2022/12/MANDRET-DEGEILH-Antoine-NB-10-1-edited-scaled.jpg" alt="" class="wp-image-204" srcset="https://www.sintacs.fr/wp-content/uploads/2022/12/MANDRET-DEGEILH-Antoine-NB-10-1-edited-scaled.jpg 2560w, https://www.sintacs.fr/wp-content/uploads/2022/12/MANDRET-DEGEILH-Antoine-NB-10-1-edited-300x300.jpg 300w, https://www.sintacs.fr/wp-content/uploads/2022/12/MANDRET-DEGEILH-Antoine-NB-10-1-edited-1024x1024.jpg 1024w, https://www.sintacs.fr/wp-content/uploads/2022/12/MANDRET-DEGEILH-Antoine-NB-10-1-edited-150x150.jpg 150w, https://www.sintacs.fr/wp-content/uploads/2022/12/MANDRET-DEGEILH-Antoine-NB-10-1-edited-768x768.jpg 768w, https://www.sintacs.fr/wp-content/uploads/2022/12/MANDRET-DEGEILH-Antoine-NB-10-1-edited-1536x1536.jpg 1536w, https://www.sintacs.fr/wp-content/uploads/2022/12/MANDRET-DEGEILH-Antoine-NB-10-1-edited-2048x2048.jpg 2048w" sizes="auto, (max-width: 2560px) 100vw, 2560px" /></figure>



<p></p>
</div>
</div>
</div></div>



<div style="height:36px" aria-hidden="true" class="wp-block-spacer"></div>



<div class="wp-block-cover alignfull" style="min-height:300px;aspect-ratio:unset;"><span aria-hidden="true" class="wp-block-cover__background has-nv-dark-bg-background-color has-background-dim-100 has-background-dim"></span><div class="wp-block-cover__inner-container is-layout-flow wp-block-cover-is-layout-flow">
<div style="height:140px" aria-hidden="true" class="wp-block-spacer"></div>



<h2 class="wp-block-heading has-text-align-center has-nv-text-dark-bg-color has-text-color">Pour toute demande :</h2>



<p class="has-text-align-center has-medium-font-size"></p>



<div class="wp-block-buttons is-content-justification-center is-layout-flex wp-container-core-buttons-is-layout-16018d1d wp-block-buttons-is-layout-flex">
<div class="wp-block-button is-style-primary"><a class="wp-block-button__link wp-element-button" href="mailto:contact@sintacs.fr">CONTACTEZ-NOUS</a></div>
</div>



<div style="height:140px" aria-hidden="true" class="wp-block-spacer"></div>
</div></div>

<p>Votre interlocuteur SINTACS a été fondée par Antoine Mandret-Degeilh. Docteur en science politique de l’IEP de Paris, il a travaillé pendant plus de dix ans dans le secteur de l’enseignement supérieur et de la recherche avant de s’orienter vers la fonction publique territoriale où il a acquis plusieurs expériences au sein de collectivités locales. Il&hellip;&nbsp;<a href="https://www.sintacs.fr/index.php/a-propos/" class="" rel="bookmark">Lire la suite &raquo;<span class="screen-reader-text">À propos</span></a></p>
