{"id":67,"date":"2022-10-19T11:57:20","date_gmt":"2022-10-19T09:57:20","guid":{"rendered":"http:\/\/www.sintacs.fr\/?page_id=67"},"modified":"2024-12-23T03:03:56","modified_gmt":"2024-12-23T02:03:56","slug":"nos-services","status":"publish","type":"page","link":"https:\/\/www.sintacs.fr\/index.php\/nos-services\/","title":{"rendered":"Nos services"},"content":{"rendered":"\n<div class=\"wp-block-cover alignfull\" style=\"min-height:600px;aspect-ratio:unset;\"><span aria-hidden=\"true\" class=\"wp-block-cover__background has-nv-dark-bg-background-color has-background-dim-100 has-background-dim\"><\/span><div class=\"wp-block-cover__inner-container is-layout-flow wp-block-cover-is-layout-flow\">\n<div class=\"wp-block-group\"><div class=\"wp-block-group__inner-container is-layout-flow wp-block-group-is-layout-flow\">\n<div class=\"wp-block-columns are-vertically-aligned-center is-layout-flex wp-container-core-columns-is-layout-9d6595d7 wp-block-columns-is-layout-flex\">\n<div class=\"wp-block-column is-vertically-aligned-center is-layout-flow wp-block-column-is-layout-flow\" style=\"flex-basis:49%\">\n<p><\/p>\n\n\n\n<figure class=\"wp-block-image size-large\"><img loading=\"lazy\" decoding=\"async\" width=\"1024\" height=\"576\" src=\"http:\/\/sintacj.cluster028.hosting.ovh.net\/wp-content\/uploads\/2022\/10\/reunion-1024x576.jpg\" alt=\"\" class=\"wp-image-56\" srcset=\"https:\/\/www.sintacs.fr\/wp-content\/uploads\/2022\/10\/reunion-1024x576.jpg 1024w, https:\/\/www.sintacs.fr\/wp-content\/uploads\/2022\/10\/reunion-300x169.jpg 300w, https:\/\/www.sintacs.fr\/wp-content\/uploads\/2022\/10\/reunion-768x432.jpg 768w, https:\/\/www.sintacs.fr\/wp-content\/uploads\/2022\/10\/reunion-1536x864.jpg 1536w, https:\/\/www.sintacs.fr\/wp-content\/uploads\/2022\/10\/reunion-2048x1152.jpg 2048w\" sizes=\"auto, (max-width: 1024px) 100vw, 1024px\" \/><\/figure>\n<\/div>\n\n\n\n<div class=\"wp-block-column is-layout-flow wp-block-column-is-layout-flow\" style=\"flex-basis:2%\"><\/div>\n\n\n\n<div class=\"wp-block-column is-vertically-aligned-center is-layout-flow wp-block-column-is-layout-flow\" style=\"flex-basis:49%\">\n<h2 class=\"wp-block-heading has-text-align-left has-nv-text-dark-bg-color has-text-color\">Accompagnement op\u00e9rationnel et conseil strat\u00e9gique<\/h2>\n\n\n\n<p>Nous sommes l\u00e0 pour vous proposer un accompagnement sur-mesure dans <strong>la d\u00e9finition, le<\/strong> <strong>montage et la conduite de vos<\/strong> <strong>diff\u00e9rents projets et la recherche<\/strong> <strong>de financements<\/strong>.<\/p>\n\n\n\n<div class=\"wp-block-buttons is-content-justification-center is-layout-flex wp-container-core-buttons-is-layout-16018d1d wp-block-buttons-is-layout-flex\">\n<div class=\"wp-block-button is-style-primary\"><a class=\"wp-block-button__link wp-element-button\" href=\"https:\/\/www.sintacs.fr\/index.php\/notre-offre-daccompagnement\">POUR EN SAVOIR PLUS<br>SUR NOTRE OFFRE D&rsquo;ACCOMPAGNEMENT, <br>C&rsquo;EST PAR ICI !<\/a><\/div>\n<\/div>\n<\/div>\n<\/div>\n<\/div><\/div>\n<\/div><\/div>\n\n\n\n<div class=\"wp-block-group\"><div class=\"wp-block-group__inner-container is-layout-flow wp-block-group-is-layout-flow\">\n<div class=\"wp-block-columns is-layout-flex wp-container-core-columns-is-layout-9d6595d7 wp-block-columns-is-layout-flex\">\n<div class=\"wp-block-column is-layout-flow wp-block-column-is-layout-flow\" style=\"flex-basis:49%\">\n<h2 class=\"wp-block-heading has-text-align-left has-neve-text-color-color has-text-color\"><br><strong>Formation<\/strong>s<\/h2>\n\n\n\n<p>Nous proposons des formations \u00e0 destination aussi bien des \u00e9lu\u00b7es et des agent\u00b7es des collectivit\u00e9s territoriales que des acteurs travaillant avec les collectivit\u00e9s territoriales. Notre organisme de formation \u00e9tant <strong>certifi\u00e9<\/strong> <strong>Qualiopi<\/strong>, nos formations peuvent \u00eatre prises en charge par les OPCO ou les FIF. Nos formations peuvent avoir lieu aussi bien <strong>en pr\u00e9sentiel <\/strong>dans nos locaux en Gironde ou dans les v\u00f4tres que <strong>par visioconf\u00e9rence<\/strong>. Nous pouvons aussi \u00e9laborer des formations sur-mesure r\u00e9pondant \u00e0 vos besoins sp\u00e9cifiques.<\/p>\n\n\n\n<div class=\"wp-block-buttons is-content-justification-center is-layout-flex wp-container-core-buttons-is-layout-16018d1d wp-block-buttons-is-layout-flex\">\n<div class=\"wp-block-button is-style-primary\"><a class=\"wp-block-button__link wp-element-button\" href=\"https:\/\/www.sintacs.fr\/index.php\/notre-offre-de-formations\">POUR EN SAVOIR PLUS <br>SUR NOTRE OFFRE DE FORMATIONS, <br>C&rsquo;EST PAR ICI !<\/a><\/div>\n<\/div>\n<\/div>\n\n\n\n<div class=\"wp-block-column is-layout-flow wp-block-column-is-layout-flow\" style=\"flex-basis:2%\"><\/div>\n\n\n\n<div class=\"wp-block-column is-vertically-aligned-center is-layout-flow wp-block-column-is-layout-flow\" style=\"flex-basis:49%\"><div class=\"wp-block-image\">\n<figure class=\"aligncenter size-large\"><img loading=\"lazy\" decoding=\"async\" width=\"1024\" height=\"576\" src=\"https:\/\/www.sintacs.fr\/wp-content\/uploads\/2022\/12\/cape-1024x576.jpeg\" alt=\"\" class=\"wp-image-126\" srcset=\"https:\/\/www.sintacs.fr\/wp-content\/uploads\/2022\/12\/cape-1024x576.jpeg 1024w, https:\/\/www.sintacs.fr\/wp-content\/uploads\/2022\/12\/cape-300x169.jpeg 300w, https:\/\/www.sintacs.fr\/wp-content\/uploads\/2022\/12\/cape-768x432.jpeg 768w, https:\/\/www.sintacs.fr\/wp-content\/uploads\/2022\/12\/cape.jpeg 1536w\" sizes=\"auto, (max-width: 1024px) 100vw, 1024px\" \/><\/figure>\n<\/div><\/div>\n<\/div>\n<\/div><\/div>\n\n\n\n<div style=\"height:25px\" aria-hidden=\"true\" class=\"wp-block-spacer\"><\/div>\n\n\n\n<div class=\"wp-block-cover alignfull\" style=\"min-height:324px;aspect-ratio:unset;\"><span aria-hidden=\"true\" class=\"wp-block-cover__background has-nv-dark-bg-background-color has-background-dim-100 has-background-dim\"><\/span><div class=\"wp-block-cover__inner-container is-layout-flow wp-block-cover-is-layout-flow\">\n<div style=\"height:35px\" aria-hidden=\"true\" class=\"wp-block-spacer\"><\/div>\n\n\n\n<div class=\"wp-block-group\"><div class=\"wp-block-group__inner-container is-layout-flow wp-block-group-is-layout-flow\">\n<div class=\"wp-block-columns are-vertically-aligned-center is-layout-flex wp-container-core-columns-is-layout-9d6595d7 wp-block-columns-is-layout-flex\">\n<div class=\"wp-block-column is-vertically-aligned-center is-layout-flow wp-block-column-is-layout-flow\" style=\"flex-basis:50%\">\n<h2 class=\"wp-block-heading has-text-align-center has-neve-link-hover-color-color has-text-color\">Mais aussi&#8230;<\/h2>\n<\/div>\n\n\n\n<div class=\"wp-block-column is-vertically-aligned-center is-layout-flow wp-block-column-is-layout-flow\" style=\"flex-basis:50%\">\n<p>Vous souhaitez mieux conna\u00eetre et faire conna\u00eetre l\u2019histoire de votre territoire, de sa population et ses traditions ? Nous pouvons b\u00e2tir <strong>une exposition<\/strong>, en faire <strong>une<\/strong> <strong>publication<\/strong>, monter <strong>une conf\u00e9rence<\/strong>, etc. \u00e0 partir d\u2019archives que nous aurons consult\u00e9es et de t\u00e9moignages \u00e9crits et oraux que nous aurons recueillis, suivant les protocoles en vigueur de la recherche scientifique.<\/p>\n<\/div>\n<\/div>\n<\/div><\/div>\n<\/div><\/div>\n\n\n\n<p><\/p>\n\n\n\n<div class=\"wp-block-cover alignfull\" style=\"min-height:300px;aspect-ratio:unset;\"><span aria-hidden=\"true\" class=\"wp-block-cover__background has-nv-dark-bg-background-color has-background-dim-100 has-background-dim\"><\/span><div class=\"wp-block-cover__inner-container is-layout-flow wp-block-cover-is-layout-flow\">\n<div style=\"height:140px\" aria-hidden=\"true\" class=\"wp-block-spacer\"><\/div>\n\n\n\n<h2 class=\"wp-block-heading has-text-align-center has-nv-text-dark-bg-color has-text-color\">Pour toute demande :<\/h2>\n\n\n\n<p class=\"has-text-align-center has-medium-font-size\"><\/p>\n\n\n\n<div class=\"wp-block-buttons is-content-justification-center is-layout-flex wp-container-core-buttons-is-layout-16018d1d wp-block-buttons-is-layout-flex\">\n<div class=\"wp-block-button is-style-primary\"><a class=\"wp-block-button__link wp-element-button\" href=\"mailto:contact@sintacs.fr\">CONTACTEZ-NOUS<\/a><\/div>\n<\/div>\n\n\n\n<div style=\"height:140px\" aria-hidden=\"true\" class=\"wp-block-spacer\"><\/div>\n<\/div><\/div>\n","protected":false},"excerpt":{"rendered":"<p>Formations Nous proposons des formations \u00e0 destination aussi bien des \u00e9lu\u00b7es et des agent\u00b7es des collectivit\u00e9s territoriales que des acteurs travaillant avec les collectivit\u00e9s territoriales. Notre organisme de formation \u00e9tant certifi\u00e9 Qualiopi, nos formations peuvent \u00eatre prises en charge par les OPCO ou les FIF. Nos formations peuvent avoir lieu aussi bien en pr\u00e9sentiel dans&hellip;&nbsp;<a href=\"https:\/\/www.sintacs.fr\/index.php\/nos-services\/\" class=\"\" rel=\"bookmark\">Lire la suite &raquo;<span class=\"screen-reader-text\">Nos services<\/span><\/a><\/p>\n","protected":false},"author":1,"featured_media":0,"parent":0,"menu_order":0,"comment_status":"closed","ping_status":"closed","template":"","meta":{"neve_meta_sidebar":"","neve_meta_container":"","neve_meta_enable_content_width":"","neve_meta_content_width":0,"neve_meta_title_alignment":"","neve_meta_author_avatar":"","neve_post_elements_order":"","neve_meta_disable_header":"","neve_meta_disable_footer":"","neve_meta_disable_title":"","footnotes":""},"class_list":["post-67","page","type-page","status-publish","hentry"],"_links":{"self":[{"href":"https:\/\/www.sintacs.fr\/index.php\/wp-json\/wp\/v2\/pages\/67","targetHints":{"allow":["GET"]}}],"collection":[{"href":"https:\/\/www.sintacs.fr\/index.php\/wp-json\/wp\/v2\/pages"}],"about":[{"href":"https:\/\/www.sintacs.fr\/index.php\/wp-json\/wp\/v2\/types\/page"}],"author":[{"embeddable":true,"href":"https:\/\/www.sintacs.fr\/index.php\/wp-json\/wp\/v2\/users\/1"}],"replies":[{"embeddable":true,"href":"https:\/\/www.sintacs.fr\/index.php\/wp-json\/wp\/v2\/comments?post=67"}],"version-history":[{"count":29,"href":"https:\/\/www.sintacs.fr\/index.php\/wp-json\/wp\/v2\/pages\/67\/revisions"}],"predecessor-version":[{"id":336,"href":"https:\/\/www.sintacs.fr\/index.php\/wp-json\/wp\/v2\/pages\/67\/revisions\/336"}],"wp:attachment":[{"href":"https:\/\/www.sintacs.fr\/index.php\/wp-json\/wp\/v2\/media?parent=67"}],"curies":[{"name":"wp","href":"https:\/\/api.w.org\/{rel}","templated":true}]}}

<div class="wp-block-cover alignfull" style="min-height:600px;aspect-ratio:unset;"><span aria-hidden="true" class="wp-block-cover__background has-nv-dark-bg-background-color has-background-dim-100 has-background-dim"></span><div class="wp-block-cover__inner-container is-layout-flow wp-block-cover-is-layout-flow">
<div class="wp-block-group"><div class="wp-block-group__inner-container is-layout-flow wp-block-group-is-layout-flow">
<div class="wp-block-columns are-vertically-aligned-center is-layout-flex wp-container-core-columns-is-layout-9d6595d7 wp-block-columns-is-layout-flex">
<div class="wp-block-column is-vertically-aligned-center is-layout-flow wp-block-column-is-layout-flow" style="flex-basis:49%">
<p></p>



<figure class="wp-block-image size-large"><img loading="lazy" decoding="async" width="1024" height="576" src="http://sintacj.cluster028.hosting.ovh.net/wp-content/uploads/2022/10/reunion-1024x576.jpg" alt="" class="wp-image-56" srcset="https://www.sintacs.fr/wp-content/uploads/2022/10/reunion-1024x576.jpg 1024w, https://www.sintacs.fr/wp-content/uploads/2022/10/reunion-300x169.jpg 300w, https://www.sintacs.fr/wp-content/uploads/2022/10/reunion-768x432.jpg 768w, https://www.sintacs.fr/wp-content/uploads/2022/10/reunion-1536x864.jpg 1536w, https://www.sintacs.fr/wp-content/uploads/2022/10/reunion-2048x1152.jpg 2048w" sizes="auto, (max-width: 1024px) 100vw, 1024px" /></figure>
</div>



<div class="wp-block-column is-layout-flow wp-block-column-is-layout-flow" style="flex-basis:2%"></div>



<div class="wp-block-column is-vertically-aligned-center is-layout-flow wp-block-column-is-layout-flow" style="flex-basis:49%">
<h2 class="wp-block-heading has-text-align-left has-nv-text-dark-bg-color has-text-color">Accompagnement opérationnel et conseil stratégique</h2>



<p>Nous sommes là pour vous proposer un accompagnement sur-mesure dans <strong>la définition, le</strong> <strong>montage et la conduite de vos</strong> <strong>différents projets et la recherche</strong> <strong>de financements</strong>.</p>



<div class="wp-block-buttons is-content-justification-center is-layout-flex wp-container-core-buttons-is-layout-16018d1d wp-block-buttons-is-layout-flex">
<div class="wp-block-button is-style-primary"><a class="wp-block-button__link wp-element-button" href="https://www.sintacs.fr/index.php/notre-offre-daccompagnement">POUR EN SAVOIR PLUS<br>SUR NOTRE OFFRE D&rsquo;ACCOMPAGNEMENT, <br>C&rsquo;EST PAR ICI !</a></div>
</div>
</div>
</div>
</div></div>
</div></div>



<div class="wp-block-group"><div class="wp-block-group__inner-container is-layout-flow wp-block-group-is-layout-flow">
<div class="wp-block-columns is-layout-flex wp-container-core-columns-is-layout-9d6595d7 wp-block-columns-is-layout-flex">
<div class="wp-block-column is-layout-flow wp-block-column-is-layout-flow" style="flex-basis:49%">
<h2 class="wp-block-heading has-text-align-left has-neve-text-color-color has-text-color"><br><strong>Formation</strong>s</h2>



<p>Nous proposons des formations à destination aussi bien des élu·es et des agent·es des collectivités territoriales que des acteurs travaillant avec les collectivités territoriales. Notre organisme de formation étant <strong>certifié</strong> <strong>Qualiopi</strong>, nos formations peuvent être prises en charge par les OPCO ou les FIF. Nos formations peuvent avoir lieu aussi bien <strong>en présentiel </strong>dans nos locaux en Gironde ou dans les vôtres que <strong>par visioconférence</strong>. Nous pouvons aussi élaborer des formations sur-mesure répondant à vos besoins spécifiques.</p>



<div class="wp-block-buttons is-content-justification-center is-layout-flex wp-container-core-buttons-is-layout-16018d1d wp-block-buttons-is-layout-flex">
<div class="wp-block-button is-style-primary"><a class="wp-block-button__link wp-element-button" href="https://www.sintacs.fr/index.php/notre-offre-de-formations">POUR EN SAVOIR PLUS <br>SUR NOTRE OFFRE DE FORMATIONS, <br>C&rsquo;EST PAR ICI !</a></div>
</div>
</div>



<div class="wp-block-column is-layout-flow wp-block-column-is-layout-flow" style="flex-basis:2%"></div>



<div class="wp-block-column is-vertically-aligned-center is-layout-flow wp-block-column-is-layout-flow" style="flex-basis:49%"><div class="wp-block-image">
<figure class="aligncenter size-large"><img loading="lazy" decoding="async" width="1024" height="576" src="https://www.sintacs.fr/wp-content/uploads/2022/12/cape-1024x576.jpeg" alt="" class="wp-image-126" srcset="https://www.sintacs.fr/wp-content/uploads/2022/12/cape-1024x576.jpeg 1024w, https://www.sintacs.fr/wp-content/uploads/2022/12/cape-300x169.jpeg 300w, https://www.sintacs.fr/wp-content/uploads/2022/12/cape-768x432.jpeg 768w, https://www.sintacs.fr/wp-content/uploads/2022/12/cape.jpeg 1536w" sizes="auto, (max-width: 1024px) 100vw, 1024px" /></figure>
</div></div>
</div>
</div></div>



<div style="height:25px" aria-hidden="true" class="wp-block-spacer"></div>



<div class="wp-block-cover alignfull" style="min-height:324px;aspect-ratio:unset;"><span aria-hidden="true" class="wp-block-cover__background has-nv-dark-bg-background-color has-background-dim-100 has-background-dim"></span><div class="wp-block-cover__inner-container is-layout-flow wp-block-cover-is-layout-flow">
<div style="height:35px" aria-hidden="true" class="wp-block-spacer"></div>



<div class="wp-block-group"><div class="wp-block-group__inner-container is-layout-flow wp-block-group-is-layout-flow">
<div class="wp-block-columns are-vertically-aligned-center is-layout-flex wp-container-core-columns-is-layout-9d6595d7 wp-block-columns-is-layout-flex">
<div class="wp-block-column is-vertically-aligned-center is-layout-flow wp-block-column-is-layout-flow" style="flex-basis:50%">
<h2 class="wp-block-heading has-text-align-center has-neve-link-hover-color-color has-text-color">Mais aussi&#8230;</h2>
</div>



<div class="wp-block-column is-vertically-aligned-center is-layout-flow wp-block-column-is-layout-flow" style="flex-basis:50%">
<p>Vous souhaitez mieux connaître et faire connaître l’histoire de votre territoire, de sa population et ses traditions ? Nous pouvons bâtir <strong>une exposition</strong>, en faire <strong>une</strong> <strong>publication</strong>, monter <strong>une conférence</strong>, etc. à partir d’archives que nous aurons consultées et de témoignages écrits et oraux que nous aurons recueillis, suivant les protocoles en vigueur de la recherche scientifique.</p>
</div>
</div>
</div></div>
</div></div>



<p></p>



<div class="wp-block-cover alignfull" style="min-height:300px;aspect-ratio:unset;"><span aria-hidden="true" class="wp-block-cover__background has-nv-dark-bg-background-color has-background-dim-100 has-background-dim"></span><div class="wp-block-cover__inner-container is-layout-flow wp-block-cover-is-layout-flow">
<div style="height:140px" aria-hidden="true" class="wp-block-spacer"></div>



<h2 class="wp-block-heading has-text-align-center has-nv-text-dark-bg-color has-text-color">Pour toute demande :</h2>



<p class="has-text-align-center has-medium-font-size"></p>



<div class="wp-block-buttons is-content-justification-center is-layout-flex wp-container-core-buttons-is-layout-16018d1d wp-block-buttons-is-layout-flex">
<div class="wp-block-button is-style-primary"><a class="wp-block-button__link wp-element-button" href="mailto:contact@sintacs.fr">CONTACTEZ-NOUS</a></div>
</div>



<div style="height:140px" aria-hidden="true" class="wp-block-spacer"></div>
</div></div>

<p>Formations Nous proposons des formations à destination aussi bien des élu·es et des agent·es des collectivités territoriales que des acteurs travaillant avec les collectivités territoriales. Notre organisme de formation étant certifié Qualiopi, nos formations peuvent être prises en charge par les OPCO ou les FIF. Nos formations peuvent avoir lieu aussi bien en présentiel dans&hellip;&nbsp;<a href="https://www.sintacs.fr/index.php/nos-services/" class="" rel="bookmark">Lire la suite &raquo;<span class="screen-reader-text">Nos services</span></a></p>
